1
Let p(a) = a**3 - 5*a**2 - 84*a - 40. What is p(-7)?
-40
Let o(q) = -q - 780. Determine o(46).
-826
Let u(k) = k**2 - k - 427. Determine u(-24).
173
Let p(m) = -390*m - 1169. Give p(-3).
1
Let i(z) = -2*z**2 + 56*z - 207. Give i(24).
-15
Let n(x) = -x**3 + 3*x**2 + 39*x - 143. Determine n(6).
-17
Let b(y) = -2*y**3 - 29*y**2 + 196*y + 2940. Calculate b(-14).
0
Let b(c) = -c**2 - 69*c + 1891. Calculate b(-90).
1
Let f(h) = -h**3 - 6*h**2 + 78*h + 485. Give f(-6).
17
Let d(b) = 13*b**3 + 29*b**2 + 7*b + 8. What is d(-2)?
6
Let c(k) = -k**2 - 300*k - 6632. Determine c(-24).
-8
Let z(j) = 115*j - 3450. Determine z(29).
-115
Let o(z) = -z**3 - 31*z**2 - 61*z - 91. Calculate o(-29).
-4
Let q(o) = 20*o + 442. Determine q(-24).
-38
Let i(p) = -2*p**3 - 53*p**2 - 195*p - 36. Give i(-22).
-102
Let v(s) = 26*s**2 - 317*s + 63. Determine v(12).
3
Let c(q) = -7*q**2 + 107*q + 216. What is c(17)?
12
Let k(j) = -2*j**2 - 83*j - 359. Calculate k(-5).
6
Let m(y) = -y**3 - 13*y**2 + 87*y - 49. Give m(-18).
5
Let d(k) = k**2 + 101*k + 193. Calculate d(-2).
-5
Let r(j) = -3*j**2 + j + 73. Determine r(5).
3
Let k(y) = y**2 + 29*y + 658. Determine k(-24).
538
Let t(a) = -a**3 - 9*a**2 + 26*a + 20. Give t(-11).
-24
Let q(t) = -86*t - 1613. Calculate q(-19).
21
Let m(l) = -7*l - 213. Determine m(17).
-332
Let q(d) = -229*d + 6683. Give q(29).
42
Let u(r) = -2*r**3 - 5*r**2 - 8*r - 7. Calculate u(-2).
5
Let o(m) = -m**3 - 61*m**2 - 123*m - 305. What is o(-59)?
-10
Let o(k) = 598*k - 15554. Determine o(26).
-6
Let g(n) = -n**2 - 12*n + 67. Determine g(-23).
-186
Let p(v) = 2*v**2 - 38*v + 71. Give p(17).
3
Let k(q) = -731*q - 5110. Give k(-7).
7
Let l(v) = 2*v**3 + 56*v**2 + 60*v + 79. Determine l(-27).
-83
Let y(j) = 271*j + 4016. What is y(-15)?
-49
Let c(p) = 3*p**2 + 260*p - 374. Give c(-88).
-22
Let x(h) = h**2 - 7*h + 47. Calculate x(12).
107
Let z(t) = 4*t**2 - 32*t - 27. What is z(9)?
9
Let b(u) = -4*u**2 + 87*u - 264. Give b(3).
-39
Let a(v) = -5*v**3 + 55*v**2 - 5*v + 90. Determine a(10).
540
Let r(a) = a**3 - 30*a - 7. What is r(5)?
-32
Let o(c) = 8*c**2 + 140*c - 60. Calculate o(-19).
168
Let w(d) = -163*d + 10004. Determine w(61).
61
Let x(f) = 4*f**3 + 54*f**2 + 21*f. Give x(-13).
65
Let b(c) = -409*c + 5717. Calculate b(14).
-9
Let n(f) = f**3 - 439*f**2 - 1330*f - 13. Calculate n(-3).
-1
Let h(f) = f**3 - 3*f**2 - 13*f - 7. Calculate h(5).
-22
Let s(b) = -b**2 - 426*b - 2113. Give s(-5).
-8
Let r(i) = i**3 - 16*i**2 - 80*i - 7. What is r(-4)?
-7
Let i(t) = -14*t**3 + 58*t**2 - 13*t + 20. Give i(4).
0
Let u(w) = 9718*w - 29135. What is u(3)?
19
Let j(k) = -405*k - 1927. Give j(-4).
-307
Let c(p) = p**2 - 6*p - 143. What is c(18)?
73
Let b(f) = -f**3 + 166*f**2 - 641*f - 15. Calculate b(4).
13
Let p(d) = 177*d - 1419. Determine p(8).
-3
Let k(p) = 14*p - 162. Give k(12).
6
Let z(r) = -r**3 - 20*r**2 + 45*r + 26. What is z(-22)?
4
Let q(x) = -5*x**2 - 36*x + 21. What is q(-8)?
-11
Let p(v) = 33*v - 157. Calculate p(4).
-25
Let w(b) = -4*b**3 + 6*b**2 - 5*b - 3. Calculate w(3).
-72
Let s(w) = w**3 - 87*w**2 - 89*w + 97. Give s(88).
9
Let w(s) = 8*s**2 - 7340*s + 14654. What is w(2)?
6
Let a(w) = 105*w + 1134. Determine a(-12).
-126
Let t(u) = 27*u + 971. What is t(-17)?
512
Let a(z) = z**3 - 123*z**2 + 1236*z - 458. Determine a(112).
-10
Let i(q) = -q**3 + 7*q**2 - 14*q - 13. Calculate i(4).
-21
Let x(h) = -h**2 + 43*h - 308. Calculate x(38).
-118
Let x(u) = -3*u + 137. Determine x(63).
-52
Let c(a) = a**3 + 51*a**2 - 62*a - 3175. What is c(-51)?
-13
Let f(c) = -c**3 + 2*c**2 - 104*c + 312. Calculate f(3).
-9
Let s(z) = -318*z**3 - 6*z**2 + 2*z + 4. Determine s(1).
-318
Let r(q) = -q**3 - 17*q**2 + 22*q + 33. Give r(-18).
-39
Let r(c) = -3*c**2 + 11*c + 1057. What is r(21)?
-35
Let x(c) = -3*c**2 - 56*c - 32. Give x(7).
-571
Let r(z) = -2*z**3 + 176*z**2 - 185*z + 976. What is r(87)?
19
Let k(q) = 2*q**3 + 10*q**2 + 14*q + 30. Calculate k(-5).
-40
Let z(i) = 8*i - 137. Give z(25).
63
Let u(z) = 184*z - 7712. Calculate u(42).
16
Let v(j) = -2*j**3 - 58*j**2 - 58*j - 3. Give v(-28).
53
Let r(v) = 12*v - 6. Determine r(12).
138
Let i(m) = m**3 + 40*m**2 - 130*m + 12. Give i(-43).
55
Let n(k) = 6*k**2 + 166*k + 167. What is n(-1)?
7
Let b(s) = -9*s**2 - 120*s - 10. Give b(-11).
221
Let t(u) = -56*u**3 - u**2 - u. What is t(1)?
-58
Let m(c) = -5*c**2 + 126*c - 722. Determine m(9).
7
Let t(a) = 7*a**3 - 43*a**2 + 37*a + 3. Calculate t(1).
4
Let x(i) = 23*i + 243. Give x(-11).
-10
Let k(t) = 4*t**3 - t**2 + 11*t - 18. Calculate k(0).
-18
Let i(w) = -109*w**2 + 10*w - 11. Calculate i(2).
-427
Let x(g) = 5*g**2 - 260*g + 1183. What is x(47)?
8
Let v(l) = 2*l**3 - 5*l**2 - 4*l - 86. Give v(7).
327
Let t(g) = -g**2 + 36*g + 1539. Calculate t(-25).
14
Let d(z) = 2*z**3 - 59*z**2 - 30*z - 1. Determine d(30).
-1
Let f(y) = -1748*y + 13973. What is f(8)?
-11
Let o(b) = b**3 - 12*b**2 - 37*b + 7. What is o(13)?
-305
Let s(o) = -30*o - 550. Give s(-19).
20
Let v(p) = p**3 - 36*p**2 - 205*p. Calculate v(-5).
0
Let i(r) = r**3 + 30*r**2 - 144*r + 13. Give i(4).
-19
Let y(l) = -l**2 + 22*l + 268. Give y(-9).
-11
Let k(r) = 51*r - 197. Give k(4).
7
Let q(o) = -4618*o - 36980. Give q(-8).
-36
Let x(d) = d**2 - 50*d + 512. Give x(37).
31
Let k(g) = -6*g + 135. Determine k(26).
-21
Let k(l) = 521*l - 16681. Determine k(32).
-9
Let i(t) = -t**3 + 16*t**2 + 295*t + 122. What is i(27)?
68
Let a(p) = -3*p**2 + 465*p + 935. Give a(-2).
-7
Let y(d) = 802*d - 46516. What is y(58)?
0
Let v(o) = 2*o**3 + 44*o**2 - 136*o - 958. Give v(-24).
2
Let b(z) = 55*z - 772. Determine b(14).
-2
Let y(x) = -1416*x - 8494. Give y(-6).
2
Let w(v) = 53*v**3 + 2*v**2 + 10*v + 8. Determine w(-1).
-53
Let p(v) = 58*v - 426. What is p(6)?
-78
Let y(x) = -x**3 + 19*x**2 + 466*x + 67. What is y(-14)?
11
Let a(l) = l**2 + 4*l - 591. What is a(-26)?
-19
Let f(o) = -181*o + 149. Give f(1).
-32
Let o(q) = 32*q**2 + 88*q. Determine o(-3).
24
Let h(r) = 37*r + 401. Determine h(-11).
-6
Let n(p) = -3*p**3 + 57*p**2 + 61*p - 21. Determine n(20).
-1
Let w(t) = 5*t**2 - 160*t - 1. Calculate w(32).
-1
Let s(y) = 8*y**3 - 3*y**2 + 38*y - 64. Determine s(2).
64
Let x(g) = g**2 + 125*g + 594. Determine x(-5).
-6
Let j(n) = 32*n + 506. Calculate j(-16).
-6
Let f(k) = -k**3 + 57*k**2 - 109*k - 47. Calculate f(55).
8
Let c(s) = s**2 + 17*s + 90. Determine c(-14).
48
Let j(m) = 3*m**2 - 97*m + 639. Calculate j(23).
-5
Let i(w) = -351*w + 1057. Give i(3).
4
Let o(u) = -u**3 + 89*u**2 - 176*u + 209. Calculate o(87).
35
Let b(n) = 3*n**3 - 3*n**2 - 84*n - 24. What is b(6)?
12
Let l(h) = -h + 43. Calculate l(-22).
65
Let o(f) = 414*f + 27703. What is o(-67)?
-35
Let m(p) = p**2 - 44*p - 54. What is m(46)?
38
Let u(y) = -48*y**3 - 4*y**2 - 11*y - 6. Give u(-1).
49
Let m(r) = -r**2 - 2226*r + 33608. Give m(15).
-7
Let g(n) = -41*n**3 + 254*n**2 + 245*n - 92. Calculate g(7).
6
Let y(a) = -1078*a - 32322. Give y(-30).
18
Let h(z) = 3*z**2 + 36*z + 122. Determine h(-7).
17
Let u(l) = -l**2 - 41*l - 151. What is u(-26)?
239
Let d(t) = t**3 - 69*t**2 + 3*t - 183. Calculate d(69).
24
Let c(s) = 13*s + 5. Give c(2).
31
Let i(x) = 2*x**3 - 22*x**2 - 28*x + 47. Determine i(12).
-1
Let c(p) = p**2 + 10*p + 2. What is c(-8)?
-14
Let b(c) = 22*c - 107. What is b(5)?
3
Let y(l) = 50*l + 188. Determine y(-4).
-12
Let u(t) = -t**3 - 161*t**2 + 660*t - 1. Give u(-165).
-1
Let j(p) = -33*p**2 - 6114*p - 1675. Calculate j(-185).
-10
Let h(j) = j**3 - 12*j**2 + 4*j + 245. Determine h(9).
38
Let b(t) = 96*t**3 + t**2 + 43*t + 43. What is b(-1)?
-95
Let d(n) = 13*n**2 + 261*n + 38. Give d(-20).
18
Let v(k) = -36*k + 143. Calculate v(7).
-109
Let x(d) = -75*d - 9140. Give x(-118).
-290
Let q(o) = o**2 + 21*o + 110. What is q(-17)?
42
Let s(c) = -4*c**3 + 31*c**2 - 4*c + 84. Calculate s(8).
-12
Let a(n) = -32*n**2 - 266*n - 20. What is a(-7)?
274
Let y(w) = -2*w**2 + 32*w - 122. What is y(10)?
-2
Let n(j) = -4087*j - 89908. What is n(-22)?
6
Let j(t) = t**3 + 21*t**2 - 2*t - 36. Determine j(-21).
6
Let p(d) = 16*d**2 + 74*d + 61. Give p(-1).
3
Let m(t) = -t**3 - 94*t**2 + 302*t + 716. Calculate m(-97).
-351
Let s(v) = -6338*v + 31678. Give s(5).
-12
Let y(z) = -1307*z - 47054. Determine y(-36).
-2
Let z(w) = w**3 + 2*w**2 + 74*w - 99. Give z(0).
-99